{"id":1119,"date":"2026-02-19T08:51:50","date_gmt":"2026-02-19T14:51:50","guid":{"rendered":"https:\/\/facmedicalblog.com\/?post_type=product&#038;p=1119"},"modified":"2026-03-30T17:14:50","modified_gmt":"2026-03-30T23:14:50","slug":"radiovisiografo-digital-nanopix-11-52","status":"publish","type":"product","link":"https:\/\/facmedicalblog.com\/index.php\/producto\/radiovisiografo-digital-nanopix-11-52\/","title":{"rendered":"Radiovisi\u00f3grafo Digital NanoPix 1,1.5,2"},"content":{"rendered":"<p><strong>Radiovisi\u00f3grafo Digital NanoPix 1,1.5,2<\/strong><\/p>\n<p><strong>El primer sistema de diagn\u00f3stico de IA integrado en un sensor<\/strong><\/p>\n<ul>\n<li>Detecci\u00f3n autom\u00e1tica de rayos X.<\/li>\n<li>Resistente a l\u00edquidos (IP68).<\/li>\n<li>Conexi\u00f3n flexible y duradera.<\/li>\n<\/ul>\n","protected":false},"excerpt":{"rendered":"<p>Radiovisi\u00f3grafo Digital NanoPix 1,1.5,2 El primer sistema de diagn\u00f3stico de IA integrado en un sensor Detecci\u00f3n autom\u00e1tica de rayos X. Resistente a l\u00edquidos (IP68). Conexi\u00f3n flexible y duradera.<\/p>\n","protected":false},"featured_media":1120,"comment_status":"open","ping_status":"closed","template":"","meta":{"neve_meta_sidebar":"","neve_meta_container":"","neve_meta_enable_content_width":"off","neve_meta_content_width":100,"neve_meta_title_alignment":"","neve_meta_author_avatar":"","neve_post_elements_order":"","neve_meta_disable_header":"","neve_meta_disable_footer":"","neve_meta_disable_title":"","_themeisle_gutenberg_block_has_review":false},"product_brand":[],"product_cat":[403],"product_tag":[],"class_list":{"0":"post-1119","1":"product","2":"type-product","3":"status-publish","4":"has-post-thumbnail","6":"product_cat-radiovisografos","8":"first","9":"instock","10":"shipping-taxable","11":"product-type-simple","12":"add-to-wishlist-before_image"},"aioseo_notices":[],"_links":{"self":[{"href":"https:\/\/facmedicalblog.com\/index.php\/wp-json\/wp\/v2\/product\/1119","targetHints":{"allow":["GET"]}}],"collection":[{"href":"https:\/\/facmedicalblog.com\/index.php\/wp-json\/wp\/v2\/product"}],"about":[{"href":"https:\/\/facmedicalblog.com\/index.php\/wp-json\/wp\/v2\/types\/product"}],"replies":[{"embeddable":true,"href":"https:\/\/facmedicalblog.com\/index.php\/wp-json\/wp\/v2\/comments?post=1119"}],"wp:featuredmedia":[{"embeddable":true,"href":"https:\/\/facmedicalblog.com\/index.php\/wp-json\/wp\/v2\/media\/1120"}],"wp:attachment":[{"href":"https:\/\/facmedicalblog.com\/index.php\/wp-json\/wp\/v2\/media?parent=1119"}],"wp:term":[{"taxonomy":"product_brand","embeddable":true,"href":"https:\/\/facmedicalblog.com\/index.php\/wp-json\/wp\/v2\/product_brand?post=1119"},{"taxonomy":"product_cat","embeddable":true,"href":"https:\/\/facmedicalblog.com\/index.php\/wp-json\/wp\/v2\/product_cat?post=1119"},{"taxonomy":"product_tag","embeddable":true,"href":"https:\/\/facmedicalblog.com\/index.php\/wp-json\/wp\/v2\/product_tag?post=1119"}],"curies":[{"name":"wp","href":"https:\/\/api.w.org\/{rel}","templated":true}]}}